{"id":20,"date":"2024-07-21T13:56:50","date_gmt":"2024-07-21T13:56:50","guid":{"rendered":"https:\/\/photostudio.com.br\/novo-cooperarteesom\/?page_id=20"},"modified":"2024-08-24T22:27:28","modified_gmt":"2024-08-24T22:27:28","slug":"perguntas-frequentes","status":"publish","type":"page","link":"https:\/\/cooperarteesom.com.br\/index.php\/perguntas-frequentes\/","title":{"rendered":"PERGUNTAS FREQUENTES"},"content":{"rendered":"\t\t<div data-elementor-type=\"wp-page\" data-elementor-id=\"20\" class=\"elementor elementor-20\" data-elementor-post-type=\"page\">\n\t\t\t\t<div class=\"elementor-element elementor-element-23ea71d e-flex e-con-boxed e-con e-parent\" data-id=\"23ea71d\" data-element_type=\"container\">\n\t\t\t\t\t<div class=\"e-con-inner\">\n\t\t\t\t<div class=\"elementor-element elementor-element-c1eae2e elementor-widget elementor-widget-heading\" data-id=\"c1eae2e\" data-element_type=\"widget\" data-widget_type=\"heading.default\">\n\t\t\t\t<div class=\"elementor-widget-container\">\n\t\t\t\t\t<h2 class=\"elementor-heading-title elementor-size-default\">PERGUNTAS FREQUENTES<\/h2>\t\t\t\t<\/div>\n\t\t\t\t<\/div>\n\t\t\t\t\t<\/div>\n\t\t\t\t<\/div>\n\t\t<div class=\"elementor-element elementor-element-4142782 e-flex e-con-boxed e-con e-parent\" data-id=\"4142782\" data-element_type=\"container\">\n\t\t\t\t\t<div class=\"e-con-inner\">\n\t\t\t\t<div class=\"elementor-element elementor-element-a5a32df elementor-widget elementor-widget-text-editor\" data-id=\"a5a32df\" data-element_type=\"widget\" data-widget_type=\"text-editor.default\">\n\t\t\t\t<div class=\"elementor-widget-container\">\n\t\t\t\t\t\t\t\t\t<table border=\"0\" width=\"1000\" cellspacing=\"0\" cellpadding=\"0\"><tbody><tr><td><p><strong>01. COMO FA\u00c7O PRA ME FILIAR?<\/strong><br \/>Acessar: www.cooperarteesom.com.br<br \/>Clicar em \u201cFilie-se\u201d. Nessa p\u00e1gina<br \/>preencher o formul\u00e1rio.<br \/>Ap\u00f3s preencher o formul\u00e1rio, voc\u00ea ser\u00e1 adicionado ao Whatsapp\u00a0 do grupo de \u201cDIVULGA\u00c7\u00c3O\u201d da cooperativa. Se voc\u00ea for compositor, ser\u00e1 adicionado no grupo \u201cCOMPOSITORES\u201d.<\/p><p><strong>02. QUAIS SER\u00c3O MINHAS VANTAGENS?<\/strong><br \/>&#8211; Fazer parte do cadastro na agenda do site;<br \/>\u2013 Ter seu Release com foto na p\u00e1gina dos artistas;<br \/>\u2013 Lan\u00e7ar seus trabalhos com o selo da gravadora da CooperArte&amp;Som;<br \/>\u2013 \u00a0Participar em cursos e workshops;<br \/>\u2013 Participar nos programas da cooperativa na Web TV e<br \/>programas parceiros;<br \/>\u2013 Participar nos eventos, shows e lives da Cooperativa;<br \/>\u2013 Divulga\u00e7\u00e3o de seu trabalho nas redes sociais da Cooperativa;<br \/>\u2013 Indica\u00e7\u00e3o de parceria que far\u00e1 a distribui\u00e7\u00e3o de conte\u00fado nas plataformas<br \/>digitais;<br \/>\u2013 Indica\u00e7\u00e3o de parceira que far\u00e1 consultoria jur\u00eddica (via web, com hora<br \/>marcada);<br \/>\u2013 Indica\u00e7\u00e3o da parceria que far\u00e1 assessoria cont\u00e1bil (com hora marcada);<br \/>\u2013 Orienta\u00e7\u00e3o para associar-se na AMAR SOMBR\u00c1S, que atende de 2\u00aa a 5\u00aa feira das 10h \u00e0s 16h fone (21) 3043-7777. Ao associar-se voc\u00ea ter\u00e1<br \/>consultoria adequada sobre qualquer d\u00favida referente \u00e0s composi\u00e7\u00f5es, ISRC,<br \/>obras, fonogramas, cr\u00e9ditos retidos e muito mais.<br \/>Observa\u00e7\u00e3o: Os custos de cada tipo de presta\u00e7\u00e3o de servi\u00e7o ser\u00e3o discutidos caso a caso.<br \/><br \/><strong>03. A COOPERATIVA PODE ME AJUDAR NA REMUNERA\u00c7\u00c3O DO MEU TRABALHO?<\/strong><br \/>Sim, pois o filiado ter\u00e1 suporte e orienta\u00e7\u00e3o para se adequar \u00e0s novas formas de produ\u00e7\u00e3o de conte\u00fado musical, registro, comercializa\u00e7\u00e3o nas plataformas digitais e divulga\u00e7\u00e3o atrav\u00e9s da internet, monetizando seu trabalho, inclusive na venda de shows, (Comiss\u00e3o da Cooperativa a combinar!).<\/p><p><strong>04. A COOPERATIVA PODE AJUDAR NA MINHA DIVULGA\u00c7\u00c3O PESSOAL E DAS MINHAS M\u00daSICAS?<\/strong><br \/>Sim, pois seu trabalho ser\u00e1 postado nas redes sociais da Cooperativa.<br \/>Sendo de interesse da CooperArte&amp;Som, a sua equipe far\u00e1 a divulga\u00e7\u00e3o de forma a agregar mais cooperados, pois quanto mais filiados tivermos, mais sucesso nos eventos, cursos, workshops entre outros, aumentando, assim, nossas possibilidades de novas parcerias.\u00a0\u00a0<\/p><p><strong>05. COMO POSSO CONTRIBUIR COM A COOPERATIVA?<\/strong><br \/>&#8211; Convidar artistas amigos e conhecidos para filiarem-se. Assim, crescemos juntos.<br \/>&#8211; A Cooperativa far\u00e1 a divis\u00e3o dos gastos entre os participantes quando da cria\u00e7\u00e3o de seus eventos. Gastos estes referentes a aluguel de espa\u00e7o, luz, som, produ\u00e7\u00e3o pr\u00e9 e p\u00f3s evento. Ao participar voc\u00ea estar\u00e1 contribuindo para agregar valor \u00e0s nossas atividades;<br \/>&#8211; Sempre que poss\u00edvel, falar da Cooperativa para divulgar nosso ideal de coopera\u00e7\u00e3o art\u00edstica entre seus pares.<\/p><\/td><\/tr><tr><td>\u00a0<\/td><\/tr><\/tbody><\/table>\t\t\t\t\t\t\t\t<\/div>\n\t\t\t\t<\/div>\n\t\t\t\t\t<\/div>\n\t\t\t\t<\/div>\n\t\t\t\t<\/div>\n\t\t","protected":false},"excerpt":{"rendered":"<p>PERGUNTAS FREQUENTES 01. COMO FA\u00c7O PRA ME FILIAR?Acessar: www.cooperarteesom.com.brClicar em \u201cFilie-se\u201d. Nessa p\u00e1ginapreencher o formul\u00e1rio.Ap\u00f3s preencher o formul\u00e1rio, voc\u00ea ser\u00e1 adicionado ao Whatsapp\u00a0 do grupo de \u201cDIVULGA\u00c7\u00c3O\u201d da cooperativa. Se voc\u00ea for compositor, ser\u00e1 adicionado no grupo \u201cCOMPOSITORES\u201d. 02. QUAIS SER\u00c3O MINHAS VANTAGENS?&#8211; Fazer parte do cadastro na agenda do site;\u2013 Ter seu Release com [&hellip;]<\/p>\n","protected":false},"author":1,"featured_media":0,"parent":0,"menu_order":0,"comment_status":"closed","ping_status":"closed","template":"","meta":{"footnotes":""},"class_list":["post-20","page","type-page","status-publish","hentry"],"_links":{"self":[{"href":"https:\/\/cooperarteesom.com.br\/index.php\/wp-json\/wp\/v2\/pages\/20","targetHints":{"allow":["GET"]}}],"collection":[{"href":"https:\/\/cooperarteesom.com.br\/index.php\/wp-json\/wp\/v2\/pages"}],"about":[{"href":"https:\/\/cooperarteesom.com.br\/index.php\/wp-json\/wp\/v2\/types\/page"}],"author":[{"embeddable":true,"href":"https:\/\/cooperarteesom.com.br\/index.php\/wp-json\/wp\/v2\/users\/1"}],"replies":[{"embeddable":true,"href":"https:\/\/cooperarteesom.com.br\/index.php\/wp-json\/wp\/v2\/comments?post=20"}],"version-history":[{"count":7,"href":"https:\/\/cooperarteesom.com.br\/index.php\/wp-json\/wp\/v2\/pages\/20\/revisions"}],"predecessor-version":[{"id":360,"href":"https:\/\/cooperarteesom.com.br\/index.php\/wp-json\/wp\/v2\/pages\/20\/revisions\/360"}],"wp:attachment":[{"href":"https:\/\/cooperarteesom.com.br\/index.php\/wp-json\/wp\/v2\/media?parent=20"}],"curies":[{"name":"wp","href":"https:\/\/api.w.org\/{rel}","templated":true}]}}